ivided by 85.
81
Calculate the remainder when 130 is divided by 3.
1
Calculate the remainder when 365 is divided by 20.
5
Calculate the remainder when 267 is divided by 67.
66
Calculate the remainder when 22 is divided by 14.
8
What is the remainder when 115 is divided by 24?
19
Calculate the remainder when 232 is divided by 24.
16
What is the remainder when 280 is divided by 91?
7
Calculate the remainder when 161 is divided by 73.
15
Calculate the remainder when 364 is divided by 64.
44
Calculate the remainder when 11997 is divided by 32.
29
Calculate the remainder when 179 is divided by 56.
11
What is the remainder when 50 is divided by 4?
2
Calculate the remainder when 3 is divided by 1.
0
Calculate the remainder when 1172 is divided by 19.
13
What is the remainder when 277 is divided by 35?
32
Calculate the remainder when 4733 is divided by 24.
5
Calculate the remainder when 367 is divided by 139.
89
What is the remainder when 533 is divided by 16?
5
Calculate the remainder when 176 is divided by 168.
8
What is the remainder when 149 is divided by 76?
73
What is the remainder when 145 is divided by 21?
19
Calculate the remainder when 599 is divided by 156.
131
What is the remainder when 130 is divided by 57?
16
Calculate the remainder when 129 is divided by 26.
25
What is the remainder when 245 is divided by 244?
1
What is the remainder when 1619 is divided by 6?
5
What is the remainder when 1791 is divided by 447?
3
What is the remainder when 186 is divided by 43?
14
What is the remainder when 15226 is divided by 17?
11
Calculate the remainder when 176 is divided by 89.
87
Calculate the remainder when 117 is divided by 17.
15
Calculate the remainder when 68 is divided by 14.
12
What is the remainder when 165 is divided by 32?
5
What is the remainder when 561 is divided by 142?
135
Calculate the remainder when 2125 is divided by 11.
2
What is the remainder when 280 is divided by 60?
40
Calculate the remainder when 3761 is divided by 18.
17
Calculate the remainder when 726 is divided by 26.
24
Calculate the remainder when 448 is divided by 146.
10
Calculate the remainder when 129 is divided by 70.
59
What is the remainder when 42 is divided by 13?
3
Calculate the remainder when 1873 is divided by 125.
123
What is the remainder when 397 is divided by 114?
55
What is the remainder when 2812 is divided by 69?
52
What is the remainder when 45 is divided by 7?
3
What is the remainder when 197 is divided by 24?
5
What is the remainder when 2059 is divided by 17?
2
What is the remainder when 522 is divided by 141?
99
What is the remainder when 296 is divided by 133?
30
What is the remainder when 325 is divided by 82?
79
Calculate the remainder when 145 is divided by 33.
13
Calculate the remainder when 580 is divided by 190.
10
What is the remainder when 102 is divided by 77?
25
What is the remainder when 44457 is divided by 171?
168
Calculate the remainder when 188 is divided by 7.
6
What is the remainder when 261 is divided by 49?
16
What is the remainder when 4800 is divided by 49?
47
Calculate the remainder when 3062 is divided by 1007.
41
What is the remainder when 609 is divided by 1?
0
Calculate the remainder when 291 is divided by 265.
26
What is the remainder when 95 is divided by 40?
15
Calculate the remainder when 5057 is divided by 92.
89
Calculate the remainder when 226 is divided by 205.
21
Calculate the remainder when 445 is divided by 33.
16
Calculate the remainder when 407 is divided by 103.
98
What is the remainder when 463 is divided by 77?
1
Calculate the remainder when 1492 is divided by 520.
452
Calculate the remainder when 261 is divided by 80.
21
Calculate the remainder when 421 is divided by 47.
45
What is the remainder when 447 is divided by 28?
27
Calculate the remainder when 701 is divided by 122.
91
What is the remainder when 180 is divided by 21?
12
Calculate the remainder when 2878 is divided by 60.
58
What is the remainder when 116 is divided by 100?
16
Calculate the remainder when 720 is divided by 674.
46
Calculate the remainder when 51 is divided by 27.
24
Calculate the remainder when 348 is divided by 84.
12
What is the remainder when 90 is divided by 64?
26
Calculate the remainder when 12077 is divided by 10.
7
What is the remainder when 5283 is divided by 41?
35
What is the remainder when 858 is divided by 176?
154
Calculate the remainder when 75 is divided by 26.
23
What is the remainder when 807 is divided by 269?
0
Calculate the remainder when 835 is divided by 96.
67
Calculate the remainder when 10303 is divided by 45.
43
What is the remainder when 467 is divided by 141?
44
Calculate the remainder when 387 is divided by 39.
36
What is the remainder when 481 is divided by 18?
13
Calculate the remainder when 298 is divided by 59.
3
What is the remainder when 4883 is divided by 222?
221
Calculate the remainder when 125 is divided by 13.
8
Calculate the remainder when 592 is divided by 17.
14
Calculate the remainder when 2009 is divided by 223.
2
What is the remainder when 731 is divided by 15?
11
What is the remainder when 32926 is divided by 224?
222
Calculate the remainder when 2283 is divided by 31.
20
Calculate the remainder when 245 is divided by 31.
28
What is the remainder when 4379 is divided by 219?
218
Calculate the remainder when 34 is divided by 20.
14
Calculate the remainder when 16 is divided by 1.
0
Calculate the remainder when 1195 is divided by 595.
5
Calculate the remainder when 378 is divided by 182.
14
What is the remainder when 167 is divided by 15?
2
Calculate the remainder when 19499 is divided by 50.
49
Calculate the remainder when 112 is divided by 40.
32
What is the remainder when 17 is divided by 5?
2
Calculate the remainder when 178 is divided by 26.
22
What is the remainder when 41 is divided by 8?
1
What is the remainder when 609 is divided by 88?
81
Calculate the remainder when 1939 is divided by 32.
19
What is the remainder when 426 is divided by 4?
2
Calculate the remainder when 187 is divided by 28.
19
What is the remainder when 809 is divided by 135?
134
Calculate the remainder when 1224 is divided by 584.
56
Calculate the remainder when 23181 is divided by 138.
135
Calculate the remainder when 2416 is divided by 188.
160
Calculate the remainder when 1062 is divided by 56.
54
Calculate the remainder when 1657 is divided by 98.
89
What is the remainder when 469 is divided by 93?
4
What is the remainder when 101 is divided by 18?
11
What is the remainder when 4095 is divided by 124?
3
What is the remainder when 1587 is divided by 523?
18
What is the remainder when 1851 is divided by 29?
24
What is the remainder when 321 is divided by 102?
15
Calculate the remainder when 79 is divided by 65.
14
What is the remainder when 6390 is divided by 110?
10
Calculate the remainder when 5 is divided by 1.
0
What is the remainder when 7975 is divided by 242?
231
What is the remainder when 279 is divided by 142?
137
What is the remainder when 826 is divided by 210?
196
Calculate the remainder when 199 is divided by 69.
61
Calculate the remainder when 384 is divided by 55.
54
What is the remainder when 474 is divided by 469?
5
Calculate the remainder when 114 is divided by 5.
4
What is the remainder when 93 is divided by 87?
6
Calculate the remainder when 6598 is divided by 132.
130
Calculate the remainder when 44 is divided by 18.
8
What is the remainder when 1762 is divided by 12?
10
Calculate the remainder when 1493 is divided by 347.
105
Calculate the remainder when 130 is divided by 59.
12
Calculate the remainder when 1655 is divided by 826.
3
Calculate the remainder when 4226 is divided by 28.
26
What is the remainder when 1114 is divided by 94?
80
What is the remainder when 557 is divided by 3?
2
What is the remainder when 376 is divided by 14?
12
What is the remainder when 666 is divided by 127?
31
What is the remainder when 290 is divided by 28?
10
What is the remainder when 200 is divided by 15?
5
Calculate the remainder when 25 is divided by 15.
10
What is the remainder when 33 is divided by 26?
7
Calculate the remainder when 83 is divided by 23.
14
What is the remainder when 4069 is divided by 69?
67
What is the remainder when 2177 is divided by 178?
41
Calculate the remainde